{"id":24,"date":"2022-01-11T15:35:19","date_gmt":"2022-01-11T15:35:19","guid":{"rendered":"https:\/\/suit.pt\/wp\/?page_id=24"},"modified":"2022-05-18T14:20:11","modified_gmt":"2022-05-18T14:20:11","slug":"sobre","status":"publish","type":"page","link":"https:\/\/suit.pt\/wp\/sobre\/","title":{"rendered":"Quem Somos"},"content":{"rendered":"\n<h3 class=\"has-text-align-center has-medium-font-size wp-block-heading\"><strong>Porqu\u00ea\u202f Suit PR?\u202f\u200b<\/strong><\/h3>\n\n\n\n<p class=\"has-text-align-center has-medium-font-size wp-block-paragraph\">Todos n\u00f3s temos medidas, gostos e estilos completamente diferentes e, como tal, vestimo-nos de forma diferente.&nbsp;&nbsp;<\/p>\n\n\n\n<p class=\"has-text-align-center has-medium-font-size wp-block-paragraph\">As empresas s\u00e3o como as pessoas, t\u00eam dimens\u00f5es, p\u00fablicos e personalidades diferentes e, como tal, tamb\u00e9m devem comunicar de forma diferente.&nbsp;&nbsp;<\/p>\n\n\n\n<p class=\"has-text-align-center has-medium-font-size wp-block-paragraph\">Na Suit PR acreditamos que cada cliente \u00e9 um especial e, por isso, cada proposta \u00e9 diferente, de acordo com as suas necessidades, objectivos e or\u00e7amento.&nbsp;&nbsp;<\/p>\n\n\n\n<p class=\"has-text-align-center has-medium-font-size wp-block-paragraph\">\u00c0 medida\u2026 como um bom fato.&nbsp;&nbsp;&nbsp;&nbsp;<\/p>\n\n\n\n<div class=\"wp-block-cover is-light\" style=\"min-height:105px;aspect-ratio:unset;\"><span aria-hidden=\"true\" class=\"wp-block-cover__background has-white-background-color has-background-dim-100 has-background-dim\"><\/span><div class=\"wp-block-cover__inner-container is-layout-flow wp-block-cover-is-layout-flow\">\n<h3 class=\"has-medium-font-size wp-block-heading\"><strong>Como o podemos ajudar?<\/strong><\/h3>\n\n\n\n<p class=\"has-text-align-center has-medium-font-size wp-block-paragraph\">Como um bom fato, tamb\u00e9m a imagem e a reputa\u00e7\u00e3o da sua empresa devem ser bem guardadas e preservadas, para se manterem em perfeito estado.<\/p>\n\n\n\n<p class=\"has-text-align-center has-medium-font-size wp-block-paragraph\">Na Suit PR, asseguramos que a sua empresa vai chegar aos p\u00fablicos certos, atrav\u00e9s de parcerias estrategicamente definidas e de rela\u00e7\u00f5es de proximidade com jornalistas, <em>bloggers<\/em> e <em>influencers<\/em>. Mais do que ser falada, a sua marca vai ser falada pelas pessoas certas, nos canais certos e com a relev\u00e2ncia merecida.<\/p>\n\n\n\n<p class=\"has-text-align-center has-medium-font-size wp-block-paragraph\">\u00c9 cada vez mais dif\u00edcil destacarmo-nos no meio do imenso ru\u00eddo de comunica\u00e7\u00e3o de marcas e empresas, 24 horas por dia, mas na Suit PR, sabemos criar a hist\u00f3ria certa para a sua organiza\u00e7\u00e3o se destacar.<\/p>\n\n\n\n<p class=\"has-text-align-center has-medium-font-size wp-block-paragraph\">Tudo isto, gra\u00e7as a estrat\u00e9gias de rela\u00e7\u00f5es p\u00fablicas bem definidas e bem implantadas.<\/p>\n<\/div><\/div>\n\n\n\n<p class=\"has-text-align-center wp-block-paragraph\">Saiba como podemos ajudar a aumentar a notoriedade da sua marca ou empresa.<\/p>\n\n\n\n<div class=\"wp-block-buttons is-horizontal is-content-justification-center is-layout-flex wp-container-core-buttons-is-layout-7d812b4c wp-block-buttons-is-layout-flex\">\n<div class=\"wp-block-button\"><a class=\"wp-block-button__link\" href=\"https:\/\/suit.pt\/wp\/servicos\/\">SERVI\u00c7OS<\/a><\/div>\n<\/div>\n\n\n\n<p class=\"wp-block-paragraph\"><\/p>\n","protected":false},"excerpt":{"rendered":"<p>Porqu\u00ea\u202f Suit PR?\u202f\u200b Todos n\u00f3s temos medidas, gostos e estilos completamente diferentes e, como tal, vestimo-nos de forma diferente.&nbsp;&nbsp; As empresas s\u00e3o como as pessoas, t\u00eam dimens\u00f5es, p\u00fablicos e personalidades diferentes e, como tal, tamb\u00e9m devem comunicar de forma diferente.&nbsp;&nbsp; Na Suit PR acreditamos que cada cliente \u00e9 um especial e, por isso, cada proposta &hellip; <\/p>\n<p class=\"link-more\"><a href=\"https:\/\/suit.pt\/wp\/sobre\/\" class=\"more-link\">Continuar a ler <span class=\"screen-reader-text\">&#8220;Quem Somos&#8221;<\/span><\/a><\/p>\n","protected":false},"author":1,"featured_media":117,"parent":0,"menu_order":0,"comment_status":"closed","ping_status":"closed","template":"","meta":{"_crdt_document":"","footnotes":""},"class_list":["post-24","page","type-page","status-publish","has-post-thumbnail","hentry"],"jetpack_sharing_enabled":true,"_links":{"self":[{"href":"https:\/\/suit.pt\/wp\/wp-json\/wp\/v2\/pages\/24","targetHints":{"allow":["GET"]}}],"collection":[{"href":"https:\/\/suit.pt\/wp\/wp-json\/wp\/v2\/pages"}],"about":[{"href":"https:\/\/suit.pt\/wp\/wp-json\/wp\/v2\/types\/page"}],"author":[{"embeddable":true,"href":"https:\/\/suit.pt\/wp\/wp-json\/wp\/v2\/users\/1"}],"replies":[{"embeddable":true,"href":"https:\/\/suit.pt\/wp\/wp-json\/wp\/v2\/comments?post=24"}],"version-history":[{"count":9,"href":"https:\/\/suit.pt\/wp\/wp-json\/wp\/v2\/pages\/24\/revisions"}],"predecessor-version":[{"id":252,"href":"https:\/\/suit.pt\/wp\/wp-json\/wp\/v2\/pages\/24\/revisions\/252"}],"wp:featuredmedia":[{"embeddable":true,"href":"https:\/\/suit.pt\/wp\/wp-json\/wp\/v2\/media\/117"}],"wp:attachment":[{"href":"https:\/\/suit.pt\/wp\/wp-json\/wp\/v2\/media?parent=24"}],"curies":[{"name":"wp","href":"https:\/\/api.w.org\/{rel}","templated":true}]}}

<h3 class="has-text-align-center has-medium-font-size wp-block-heading"><strong>Porquê  Suit PR? ​</strong></h3>



<p class="has-text-align-center has-medium-font-size wp-block-paragraph">Todos nós temos medidas, gostos e estilos completamente diferentes e, como tal, vestimo-nos de forma diferente.&nbsp;&nbsp;</p>



<p class="has-text-align-center has-medium-font-size wp-block-paragraph">As empresas são como as pessoas, têm dimensões, públicos e personalidades diferentes e, como tal, também devem comunicar de forma diferente.&nbsp;&nbsp;</p>



<p class="has-text-align-center has-medium-font-size wp-block-paragraph">Na Suit PR acreditamos que cada cliente é um especial e, por isso, cada proposta é diferente, de acordo com as suas necessidades, objectivos e orçamento.&nbsp;&nbsp;</p>



<p class="has-text-align-center has-medium-font-size wp-block-paragraph">À medida… como um bom fato.&nbsp;&nbsp;&nbsp;&nbsp;</p>



<div class="wp-block-cover is-light" style="min-height:105px;aspect-ratio:unset;"><span aria-hidden="true" class="wp-block-cover__background has-white-background-color has-background-dim-100 has-background-dim"></span><div class="wp-block-cover__inner-container is-layout-flow wp-block-cover-is-layout-flow">
<h3 class="has-medium-font-size wp-block-heading"><strong>Como o podemos ajudar?</strong></h3>



<p class="has-text-align-center has-medium-font-size wp-block-paragraph">Como um bom fato, também a imagem e a reputação da sua empresa devem ser bem guardadas e preservadas, para se manterem em perfeito estado.</p>



<p class="has-text-align-center has-medium-font-size wp-block-paragraph">Na Suit PR, asseguramos que a sua empresa vai chegar aos públicos certos, através de parcerias estrategicamente definidas e de relações de proximidade com jornalistas, <em>bloggers</em> e <em>influencers</em>. Mais do que ser falada, a sua marca vai ser falada pelas pessoas certas, nos canais certos e com a relevância merecida.</p>



<p class="has-text-align-center has-medium-font-size wp-block-paragraph">É cada vez mais difícil destacarmo-nos no meio do imenso ruído de comunicação de marcas e empresas, 24 horas por dia, mas na Suit PR, sabemos criar a história certa para a sua organização se destacar.</p>



<p class="has-text-align-center has-medium-font-size wp-block-paragraph">Tudo isto, graças a estratégias de relações públicas bem definidas e bem implantadas.</p>
</div></div>



<p class="has-text-align-center wp-block-paragraph">Saiba como podemos ajudar a aumentar a notoriedade da sua marca ou empresa.</p>



<div class="wp-block-buttons is-horizontal is-content-justification-center is-layout-flex wp-container-core-buttons-is-layout-7d812b4c wp-block-buttons-is-layout-flex">
<div class="wp-block-button"><a class="wp-block-button__link" href="https://suit.pt/wp/servicos/">SERVIÇOS</a></div>
</div>



<p class="wp-block-paragraph"></p>

<p>Porquê  Suit PR? ​ Todos nós temos medidas, gostos e estilos completamente diferentes e, como tal, vestimo-nos de forma diferente.&nbsp;&nbsp; As empresas são como as pessoas, têm dimensões, públicos e personalidades diferentes e, como tal, também devem comunicar de forma diferente.&nbsp;&nbsp; Na Suit PR acreditamos que cada cliente é um especial e, por isso, cada proposta &hellip; </p>
<p class="link-more"><a href="https://suit.pt/wp/sobre/" class="more-link">Continuar a ler <span class="screen-reader-text">&#8220;Quem Somos&#8221;</span></a></p>
